= -g**2 + 5*g + 16. Let z be (-17)/(-2) + ((-345)/30 - -10). What is y(z)?
2
Let c be 143/99 - ((-22)/(-9) - 2). Let q(y) = 3*y + 0 - 10*y + 1. Calculate q(c).
-6
Let j(t) be the second derivative of 5*t - 3/2*t**3 + 0 + t**2 - 1/12*t**4. Let w(b) be the first derivative of j(b). What is w(-6)?
3
Let i be (17 + -8 - 8) + 3. Let o(d) = d**3 - 6*d**2 + 4*d - 3. Give o(i).
-19
Suppose -3 = -4*d + 5*z + 6, 1 = -z. Suppose -d = c + 1. Let k(r) = r**2 - r. Let s(y) = -2*y**3 + 2*y**2 - 6*y - 1. Let g(u) = 5*k(u) - s(u). Determine g(c).
-5
Let r(y) = -y**3 - 1. Let m(j) = 2*j**3 + 6*j**2 - 2*j + 12. Suppose 24 = x + 27. Let h(k) = x*r(k) - m(k). Suppose -2*c = -20 + 8. Determine h(c).
3
Let c(d) = -d**3 - 3*d**2 - 2*d - 3. Let x be c(-3). Let v = -1 + x. Let z(q) = q**2 - 4*q - 5 - 2 + 4 - v*q**2. Calculate z(-2).
1
Let q(i) = -i - 2. Let s(d) = -d. Let z(n) = q(n) - 2*s(n). Let o be (-6)/27 + (-32)/18. What is z(o)?
-4
Suppose 5*a + 29 = 4*o, -4*o + a = -8*o - 1. Let v(x) = -19*x**3 + x - 1. Give v(o).
-19
Let b(w) = w - 3. Let l = 9 + -9. Let t(k) = k**2 - 12. Let z be t(l). Let f = -12 - z. What is b(f)?
-3
Let k = -93 + 90. Let n(b) = -b**2 + 4*b + 3. Determine n(k).
-18
Let l(h) = 0*h + 6*h + 0 + 2 + h. Give l(6).
44
Let j(h) = 14 + 47*h + 2*h**3 - 5 - 3*h**3 + 15 - 71*h + 24*h**2. Give j(23).
1
Let c(i) be the second derivative of i**4/12 + 11*i**3/6 + 3*i**2/2 - 46*i. What is c(-11)?
3
Let y(m) = 3*m**2 - m - 3*m**2 + 3*m**2 + 1 - 4*m**2. Let u = -363 - -367. Give y(u).
-19
Let x(t) be the second derivative of -t**8/1344 - t**7/630 - t**6/360 + t**5/120 - 9*t**4/4 - 33*t. Let f(d) be the third derivative of x(d). Determine f(-2).
29
Let k(x) be the second derivative of x**4/2 + x**3/3 + x**2/2 + 145*x - 2. Suppose 0 = l + 2 - 0. Let f be (-16)/12 + l/(-6). What is k(f)?
5
Let f(u) = -14 - 15 + 10 + 2*u. Determine f(11).
3
Suppose -3*t = -r - 15, 12 = -r - 3*t + 27. Let b(o) = -o**2 + 2*o - 3. Determine b(r).
-3
Let x(b) = -b**3 - 5*b**2 + 6*b - 2. Let p = 60 - 58. Suppose 0 = -3*c + c + 8. Suppose 5*t - p*h = -24, c*t = -2*h + h - 27. Calculate x(t).
-2
Suppose -5*s + 9 = -6. Suppose -s*r = -0*r - 3. Let d(p) = 1 - 7 + 6 + p + r. Determine d(1).
2
Let j = -14 - -17. Let l be (-1)/(1/7) + j. Let b(n) = n + 6. Calculate b(l).
2
Suppose 19*n + 111*n + 130 = 0. Let b(m) be the first derivative of -12*m**2 - 2. Give b(n).
24
Let a(h) = 2*h**2 - 11*h - 3. Let l be 1*(1 - (7 - 14)). Calculate a(l).
37
Let r(k) = -5*k + 45. Let y(a) = 3*a - 23. Let g(n) = 4*r(n) + 7*y(n). Calculate g(0).
19
Let d(q) = 12*q**3 - q. Suppose 27*m = 31*m. Suppose -5*v + 2*p + p + 1 = m, 0 = v - 3*p - 5. Give d(v).
-11
Let g(n) be the second derivative of -n**6/360 + n**5/120 + 5*n**4/24 - 3*n**3 + 7*n. Let y(z) be the second derivative of g(z). Determine y(4).
-7
Let n(p) = 20*p + 5. Let r(f) = -57*f - 17. Let g(w) = -11*n(w) - 4*r(w). Give g(-2).
-3
Let a(s) = 2*s**2 + s - 2. Let i be a(-2). Suppose 39 = -4*y - 3*k - 44, i*k + 57 = -3*y. Let r = y - -18. Let l(j) = j**2 + 3*j + 1. What is l(r)?
11
Let c(h) be the first derivative of -2*h**5/15 + h**4/24 - 7*h**3 - 13. Let u(b) be the third derivative of c(b). What is u(-1)?
17
Let b(u) = -u**3 - 8*u**2 - 7*u + 3. Let x be b(-7). Suppose 2*l = 15 - x. Let a(r) = -r**2 + 3*r + 7. What is a(l)?
-11
Let k be (-2)/8 - 135/(-60). Suppose k*p = -0*p - 10. Let l(y) = -y + 2*y - 4 - y**2 + 2*y**2 + y. Give l(p).
11
Let c(p) be the first derivative of -p**5/30 + p**4/12 - p**3/3 - 3*p**2 - 4. Let d(z) be the second derivative of c(z). Let x be (7 - 2)*12/30. What is d(x)?
-6
Let b be 0/3 + ((-63)/9 - -14). Let a(g) = 2*g - 3 - 4 + 3. Calculate a(b).
10
Suppose 5 - 13 = 2*o. Let h(f) = -f**3 - 6*f**2 - 4*f + 3. Calculate h(o).
-13
Suppose 5*z + 4*b - 8 = z, -3*z + b + 14 = 0. Let f be (-6)/(-21) - 4/14. Let c(g) = f*g**2 + 6*g - g**2 + 5*g - 3 - 5*g. Give c(z).
5
Let s be (-8)/10*55/(-22). Let h(q) = -16*q**2 + 2*q + 10*q**s + 2 + 5*q**2. Determine h(5).
-13
Let u(p) = -p + 5. Let z be 3/(-1) - ((-13 - 1) + 6). Determine u(z).
0
Let t = -56 - -52. Let f(b) = b**3 - 5*b. Let l(h) = h**3 - 4*h + 1. Let c(w) = t*f(w) + 5*l(w). What is c(0)?
5
Let u(t) be the first derivative of 0*t**2 + 1/8*t**4 + 1/120*t**5 - 1/180*t**6 - 6 + 0*t - 4*t**3. Let j(r) be the third derivative of u(r). What is j(3)?
-12
Let t(x) = 21*x + 1. Suppose -4*p = 2*p - 18. Let s be (0 - (p - 7/2))*2. Give t(s).
22
Let b(k) be the second derivative of -k**4/12 + k**3/6 + 2*k**2 + 79*k. Give b(3).
-2
Let j(b) = 19*b - 20*b + 20*b**3 + 0 - 1. Calculate j(-1).
-20
Suppose 3*i - 5*d = -10, -2*i = 3*i - 4*d - 5. Let u(s) be the first derivative of -1/2*s**2 + s + 2. Determine u(i).
-4
Let a(w) be the second derivative of -w**5/60 + 5*w**4/24 + 5*w**3/6 - 25*w**2/2 + 2*w - 1. Let o(f) be the first derivative of a(f). Give o(6).
-1
Let p(c) = -c**2 + 9*c. Let a(f) = -f - 3. Let z be a(-3). Suppose 4*r + 33 = 4*i - 3, i + 4*r - 9 = z. Let b be p(i). Let h(o) = -o**2 + 6. Determine h(b).
6
Suppose 0 = -0*r + 9*r + 36. Let w be (13/r + 1)*(-24)/(-9). Let h(v) be the second derivative of -v**4/12 - 5*v**3/3 - 4*v**2 - v. What is h(w)?
16
Let a(g) = -4*g - 1. Suppose 0 = 4*l - 0*l. Suppose l = -2*p - 2*s + 2, -3*p + 4*s = -p - 2. Calculate a(p).
-5
Let y(b) = -2*b + 3. Let r be (1/2)/(5/(-50)). Let w(x) = 3*x + 20. Let k be w(r). Determine y(k).
-7
Suppose -20*j + 16*j - p = -284, 5*j = -5*p + 355. Let g = 79 - j. Let y(b) be the first derivative of b**3/3 - 4*b**2 - 7*b - 1. Calculate y(g).
-7
Let n be (3 + 2 + 1)/2. Suppose n = -5*o + r - 22, -32 = 3*o - 4*r. Let d(q) be the first derivative of -q**3/3 - 3*q**2 - 2*q - 2. Determine d(o).
6
Let w(q) be the third derivative of -q**5/60 + q**4/4 - q**3/6 + 4*q**2. Let p(b) = -2*b - 16. Let h be p(-8). Suppose 5*n - 10*n + 30 = h. Give w(n).
-1
Let f(n) = -n. Let z(l) = -l - 1. Let x(c) = -f(c) - 2*z(c). Let k(b) = b**2 + 5*b + 2. Let q be k(-6). Let u = -10 + q. Give x(u).
-4
Let c(u) = 2*u + 18. Let f = 746 + -758. Determine c(f).
-6
Let u(l) = 2*l + 1. Suppose -j - 9 = -4, 47 = -3*b - j. Let w be b/1*3/6. What is u(w)?
-13
Let p(y) = -7*y**2 + 2*y - 1. Let l(f) = -f**2 + 38*f - 216. Let u be l(31). Calculate p(u).
-6
Let b(q) = -3*q + 3*q - 4*q + 4. Let s be 7*(0/(-4) + 12/14). Suppose 2*n - 26 = -5*p, -4*p - 5*n + s*n = -13. Calculate b(p).
-12
Let x(v) = -4*v**2 + 8*v - 8. Suppose 648*h = 645*h + 3. Determine x(h).
-4
Let b be (8 - 35)/(-3) + 4. Let n(v) = -v + 12. Calculate n(b).
-1
Let v(p) be the third derivative of p**5/60 - p**4/4 + 5*p**3/6 - 52*p**2. Determine v(5).
0
Let d(r) = 10*r - 4 - 12*r + 2. Let k = -132 + 135. What is d(k)?
-8
Let z(c) = -9*c**2. Let q be (-3)/(-3)*(-4 - (-3 - 0)). Determine z(q).
-9
Let p(x) = -11*x + 69 + 10*x - 66. Give p(-7).
10
Let a(t) = -2*t**3 + t**2 - 2*t + 2. Let q = -311 - -312. Give a(q).
-1
Let n(u) be the second derivative of 23*u**5/10 + u**3/6 - 36*u - 2. Calculate n(-1).
-47
Let g(j) = -2*j**2 - 14*j - 18. Let u = 804 - 810. Determine g(u).
-6
Let d(y) = y**3 + 4*y**2 - 3. Suppose 3*m + 2*w - 5 = 47, -4*w = 3*m - 56. Let b be (4 - 4)/5*(-5)/(-15). Let f be b - (-7)/((-28)/m). What is d(f)?
-3
Let u(g) be the third derivative of g**5/60 + g**4/3 + 4*g**3/3 - 15*g**2. Let x(l) = -l**2 + 8*l + 5. Let q be x(7). Suppose 3*f + 9 = -q. Determine u(f).
1
Let y be -10*(2 - (-10)/(-4)). Let q(d) = d**3 - 9*d**2 + 8*d + 2. Let m(z) = -z**3 + 8*z**2 - 7*z - 2. Let a(v) = y*q(v) + 6*m(v). Determine a(3).
-8
Let b(o) = o + 19. Let z be 55/(-4) + -1 - (-18)/(-72). Let g be b(z). Let f(w) = -2*w**2 + 5*w + 2. What is f(g)?
-10
Let d(f) = 1133 - 3403 + 2*f + 1134 + 1137. Let x = -4 - -6. What is d(x)?
5
Let t(y) = 2*y**3 - 14*y**2 + 5*y - 22. Let k be t(7). Let a(l) = -l**3 + 12*l**2 + 13*l + 2. Calculate a(k).
2
Suppose -16 = -5*y + l + 9, 0 = -2*y + 2*l + 10. Let u be (1/(-2))/(y/(-20)). Let k(d) = d**3 - 3*d**2 - d - 1. What is k(u)?
-7
Let t(o) = 105*o - 210*o + 106*o + 4 + 6. Give t(5).
15
Let p(j) = 59 - 50 - 2*j + 2*j + 2*j. Suppose 4*d + 0*d = -24. What is p(d)?
-3
Let j(t) = -7*t**3 - 38*t**3 + 46*t**3 + 3*t**2 - 1. Let k = -1 + -1. Let w be j(k). Let a(i) = -i**2 + 3*i - 4. What is a(w)?
-4
Let z(y) be the first derivative of y**4/4 - y**3 - 5*y + 1. Suppose b + 38 = 3*c, -3